95 and 1356.
339
What is the greatest common factor of 99 and 72?
9
What is the highest common factor of 498 and 4731?
249
What is the greatest common divisor of 23 and 2507?
23
What is the greatest common divisor of 360 and 288?
72
Calculate the highest common divisor of 8 and 7872.
8
What is the greatest common factor of 81 and 216?
27
What is the greatest common divisor of 35 and 385?
35
What is the highest common divisor of 44 and 715?
11
What is the greatest common divisor of 420 and 60?
60
Calculate the highest common divisor of 21 and 3.
3
Calculate the greatest common divisor of 55 and 33.
11
Calculate the greatest common divisor of 362 and 2353.
181
What is the greatest common factor of 2664 and 72?
72
Calculate the greatest common divisor of 18 and 486.
18
Calculate the greatest common factor of 63 and 273.
21
Calculate the highest common divisor of 150 and 120.
30
What is the greatest common factor of 3 and 393?
3
Calculate the greatest common divisor of 297 and 132.
33
What is the greatest common divisor of 315 and 35?
35
Calculate the highest common divisor of 25 and 1325.
25
Calculate the greatest common divisor of 1072 and 4422.
134
Calculate the highest common divisor of 105062 and 131.
131
What is the highest common factor of 3542 and 154?
154
Calculate the highest common factor of 7 and 6349.
7
Calculate the greatest common divisor of 9 and 1539.
9
What is the highest common divisor of 232 and 80?
8
Calculate the highest common divisor of 41 and 2.
1
Calculate the greatest common divisor of 38 and 5700.
38
Calculate the highest common factor of 250 and 3200.
50
What is the greatest common divisor of 22 and 682?
22
What is the highest common factor of 17 and 1003?
17
What is the highest common factor of 99 and 3619?
11
Calculate the highest common divisor of 1791 and 2189.
199
Calculate the highest common factor of 220 and 165.
55
Calculate the greatest common divisor of 532 and 28.
28
Calculate the greatest common divisor of 60 and 228.
12
Calculate the highest common divisor of 48 and 1716.
12
Calculate the highest common factor of 2650 and 50.
50
Calculate the highest common factor of 78 and 6279.
39
What is the greatest common divisor of 243 and 108?
27
Calculate the highest common factor of 7 and 10913.
7
What is the greatest common factor of 55 and 2123?
11
Calculate the highest common factor of 18 and 22.
2
Calculate the highest common factor of 1048 and 24.
8
Calculate the greatest common factor of 34 and 1530.
34
Calculate the highest common factor of 972 and 621.
27
What is the highest common divisor of 525 and 6225?
75
What is the greatest common factor of 1088 and 288?
32
What is the greatest common factor of 1674 and 54?
54
What is the highest common divisor of 44 and 407?
11
What is the highest common divisor of 25 and 2000?
25
What is the greatest common factor of 319 and 77?
11
What is the greatest common factor of 51 and 204?
51
What is the greatest common factor of 882 and 21?
21
What is the highest common factor of 80 and 2080?
80
Calculate the greatest common factor of 46640 and 330.
110
Calculate the greatest common divisor of 43096 and 4.
4
Calculate the greatest common factor of 1925 and 55.
55
Calculate the greatest common divisor of 396 and 252.
36
Calculate the highest common factor of 1830 and 1620.
30
What is the highest common factor of 43505 and 770?
385
What is the greatest common factor of 77 and 11?
11
Calculate the highest common divisor of 3553 and 2090.
209
What is the greatest common divisor of 385 and 231?
77
Calculate the greatest common divisor of 280 and 42.
14
Calculate the greatest common divisor of 11725 and 70.
35
What is the greatest common factor of 180 and 1230?
30
What is the highest common divisor of 3172 and 122?
122
Calculate the greatest common factor of 24 and 192.
24
Calculate the greatest common factor of 3 and 303.
3
Calculate the highest common divisor of 42 and 26502.
42
Calculate the highest common divisor of 552 and 720.
24
What is the highest common divisor of 804 and 737?
67
What is the highest common factor of 6 and 318?
6
Calculate the greatest common factor of 255 and 60.
15
What is the highest common factor of 20 and 16?
4
Calculate the greatest common divisor of 27 and 36.
9
What is the greatest common divisor of 258 and 129?
129
Calculate the greatest common divisor of 1 and 289.
1
Calculate the greatest common divisor of 47 and 893.
47
What is the greatest common divisor of 944 and 16?
16
Calculate the greatest common divisor of 133 and 7.
7
What is the highest common divisor of 24 and 16584?
24
Calculate the highest common factor of 14 and 112.
14
What is the highest common factor of 67 and 67?
67
Calculate the highest common divisor of 16 and 168.
8
Calculate the greatest common divisor of 65 and 1235.
65
Calculate the highest common divisor of 13 and 624.
13
What is the highest common factor of 320 and 20?
20
What is the greatest common divisor of 26 and 12974?
26
Calculate the highest common factor of 112 and 72.
8
What is the highest common divisor of 625 and 300?
25
Calculate the greatest common divisor of 4456 and 8.
8
Calculate the highest common factor of 2695 and 880.
55
Calculate the greatest common factor of 188 and 2115.
47
Calculate the greatest common divisor of 915 and 10.
5
What is the highest common divisor of 2 and 50?
2
What is the greatest common factor of 22 and 220?
22
What is the highest common divisor of 369 and 82?
41
Calculate the greatest common factor of 50 and 2825.
25
Calculate the highest common divisor of 88 and 902.
22
What is the highest common factor of 2871 and 55?
11
Calculate the greatest common factor of 15023 and 181.
181
What is the highest common divisor of 8 and 588?
4
What is the highest common factor of 14 and 1729?
7
Calculate the highest common divisor of 160 and 360.
40
Calculate the highest common factor of 56 and 42.
14
What is the greatest common factor of 14 and 11452?
14
What is the greatest common factor of 15 and 44565?
15
What is the highest common divisor of 870 and 13398?
174
What is the highest common factor of 432 and 96?
48
Calculate the greatest common divisor of 111 and 3.
3
Calculate the highest common divisor of 48 and 6.
6
Calculate the highest common factor of 42130 and 110.
110
What is the greatest common divisor of 1566 and 232?
58
Calculate the highest common factor of 110 and 242.
22
Calculate the highest common factor of 6 and 58.
2
What is the greatest common divisor of 444 and 37?
37
Calculate the greatest common factor of 256 and 816.
16
What is the greatest common divisor of 1 and 3?
1
What is the greatest common factor of 348 and 372?
12
What is the greatest common divisor of 21 and 2751?
21
What is the highest common divisor of 1482 and 95?
19
Calculate the highest common divisor of 484 and 4.
4
What is the highest common factor of 77 and 77?
77
Calculate the highest common divisor of 240 and 24.
24
What is the greatest common divisor of 707 and 35?
7
Calculate the highest common factor of 1653 and 435.
87
What is the highest common factor of 56 and 16?
8
What is the greatest common divisor of 304 and 112?
16
Calculate the highest common factor of 477 and 1378.
53
What is the greatest common divisor of 20 and 85?
5
Calculate the highest common factor of 224 and 1876.
28
What is the highest common factor of 2961 and 2016?
63
Calculate the highest common factor of 520 and 312.
104
Calculate the greatest common factor of 255 and 9231.
51
Calculate the greatest common factor of 726 and 198.
66
What is the greatest common divisor of 52 and 39?
13
Calculate the greatest common factor of 168 and 10486.
14
What is the highest common divisor of 63 and 273?
21
Calculate the highest common divisor of 44 and 748.
44
What is the highest common factor of 425 and 187?
17
What is the greatest common factor of 64 and 1824?
32
Calculate the greatest common factor of 170 and 102.
34
What is the greatest common factor of 754 and 260?
26
Calculate the greatest common divisor of 1083 and 627.
57
What is the highest common factor of 1410 and 90?
30
What is the highest common divisor of 88 and 9064?
88
What is the greatest common factor of 3151 and 23?
23
What is the highest common divisor of 1276 a